{"id":5004,"date":"2018-03-09T12:46:01","date_gmt":"2018-03-09T11:46:01","guid":{"rendered":"http:\/\/www.tunedcity.net\/?page_id=5004"},"modified":"2018-04-18T19:43:57","modified_gmt":"2018-04-18T17:43:57","slug":"de-vega-mario-mx","status":"publish","type":"page","link":"https:\/\/www.tunedcity.net\/?page_id=5004","title":{"rendered":"de Vega, Mario (MX)"},"content":{"rendered":"<p><span style=\"font-weight: 400;\"><img loading=\"lazy\" decoding=\"async\" class=\"alignnone wp-image-5005\" src=\"http:\/\/www.tunedcity.net\/wp-content\/uploads\/2018\/03\/3071_bXzNYU2J2oZNlxpo_IMH_mariodevega.jpg\" alt=\"\" width=\"344\" height=\"229\" srcset=\"https:\/\/www.tunedcity.net\/wp-content\/uploads\/2018\/03\/3071_bXzNYU2J2oZNlxpo_IMH_mariodevega.jpg 576w, https:\/\/www.tunedcity.net\/wp-content\/uploads\/2018\/03\/3071_bXzNYU2J2oZNlxpo_IMH_mariodevega-300x200.jpg 300w\" sizes=\"auto, (max-width: 344px) 100vw, 344px\" \/><br \/>\n\u00a9 issueprojectroom<\/span><\/p>\n<p>Exploring the threshold of human perception and the physicality of listening, <strong>Mario de Vega<\/strong>\u00b4s work digs into the materiality of sound, the vulnerability of systems, materials and individuals, and the aesthetic potential of unstable arrangements.<\/p>\n<p><span style=\"font-weight: 400;\">He has been guest artist and lecturer at Universit\u00e4t der K\u00fcnste Berlin, Internationales Musikinstitut Darmstadt, Technische Universit\u00e4t Berlin, Ecole Nationale Sup\u00e9rieure des Beaux Arts de Paris, Centro de Dise\u00f1o, Cine y Televisi\u00f3n, KW Institute of Contemporary Art, Laboratorio Arte Alameda, Kyushu University, Tama Art University, Universit\u00e4t f\u00fcr angewandte Kunst Wien and Harvestworks Digital Media Arts Center, between others. <\/span><\/p>\n<p><span style=\"font-weight: 400;\">His work has been exhibited in Mexico, North America, Chile, South Africa, India, South Korea, China, Russia, Japan and around Europe. He lives and works in Berlin and Mexico City.<\/span><\/p>\n<p><a href=\"http:\/\/www.mariodevega.info\" target=\"_blank\" rel=\"noopener noreferrer\">www.mariodevega.info<\/a><\/p>\n<p>&nbsp;<br \/>\n<a href=\"https:\/\/www.tunedcity.net\/?page_id=5013\">Tuned City Messene 2018 &#8211; Listening Politics<\/a><br \/>\n<\/p>","protected":false},"excerpt":{"rendered":"<p>\u00a9 issueprojectroom Exploring the threshold of human perception and the physicality of listening, Mario de Vega\u00b4s work digs into the materiality of sound, the vulnerability of systems, materials and individuals, and the aesthetic potential of unstable arrangements. He has been guest artist and lecturer at Universit\u00e4t der K\u00fcnste Berlin, Internationales Musikinstitut Darmstadt, Technische Universit\u00e4t Berlin, [&hellip;]<\/p>\n","protected":false},"author":1,"featured_media":0,"parent":19,"menu_order":0,"comment_status":"closed","ping_status":"closed","template":"","meta":{"footnotes":""},"categories":[7],"tags":[],"class_list":["post-5004","page","type-page","status-publish","hentry","category-messene_participants"],"_links":{"self":[{"href":"https:\/\/www.tunedcity.net\/index.php?rest_route=\/wp\/v2\/pages\/5004","targetHints":{"allow":["GET"]}}],"collection":[{"href":"https:\/\/www.tunedcity.net\/index.php?rest_route=\/wp\/v2\/pages"}],"about":[{"href":"https:\/\/www.tunedcity.net\/index.php?rest_route=\/wp\/v2\/types\/page"}],"author":[{"embeddable":true,"href":"https:\/\/www.tunedcity.net\/index.php?rest_route=\/wp\/v2\/users\/1"}],"replies":[{"embeddable":true,"href":"https:\/\/www.tunedcity.net\/index.php?rest_route=%2Fwp%2Fv2%2Fcomments&post=5004"}],"version-history":[{"count":2,"href":"https:\/\/www.tunedcity.net\/index.php?rest_route=\/wp\/v2\/pages\/5004\/revisions"}],"predecessor-version":[{"id":5055,"href":"https:\/\/www.tunedcity.net\/index.php?rest_route=\/wp\/v2\/pages\/5004\/revisions\/5055"}],"up":[{"embeddable":true,"href":"https:\/\/www.tunedcity.net\/index.php?rest_route=\/wp\/v2\/pages\/19"}],"wp:attachment":[{"href":"https:\/\/www.tunedcity.net\/index.php?rest_route=%2Fwp%2Fv2%2Fmedia&parent=5004"}],"wp:term":[{"taxonomy":"category","embeddable":true,"href":"https:\/\/www.tunedcity.net\/index.php?rest_route=%2Fwp%2Fv2%2Fcategories&post=5004"},{"taxonomy":"post_tag","embeddable":true,"href":"https:\/\/www.tunedcity.net\/index.php?rest_route=%2Fwp%2Fv2%2Ftags&post=5004"}],"curies":[{"name":"wp","href":"https:\/\/api.w.org\/{rel}","templated":true}]}}