{"id":4082,"date":"2013-05-31T10:40:28","date_gmt":"2013-05-31T08:40:28","guid":{"rendered":"http:\/\/www.tunedcity.net\/?page_id=4082"},"modified":"2013-06-04T12:32:00","modified_gmt":"2013-06-04T10:32:00","slug":"matthys-kobe-be","status":"publish","type":"page","link":"https:\/\/www.tunedcity.net\/?page_id=4082","title":{"rendered":"Matthys, Kobe  (BE)"},"content":{"rendered":"<p><img loading=\"lazy\" decoding=\"async\" class=\"alignnone size-full wp-image-4083\" title=\"Artist Kobe Matthys poses next to his installation ..\" src=\"http:\/\/www.tunedcity.net\/wp-content\/uploads\/2013\/05\/Artist-Kobe-Matthys-poses-next-to-his-installation-...jpeg\" alt=\"\" width=\"320\" height=\"223\" srcset=\"https:\/\/www.tunedcity.net\/wp-content\/uploads\/2013\/05\/Artist-Kobe-Matthys-poses-next-to-his-installation-...jpeg 320w, https:\/\/www.tunedcity.net\/wp-content\/uploads\/2013\/05\/Artist-Kobe-Matthys-poses-next-to-his-installation-..-300x209.jpg 300w\" sizes=\"auto, (max-width: 320px) 100vw, 320px\" \/><\/p>\n<p>Born 1970. Artist. 1991 \u2013 1995 MA fine arts at St\u00e4delschule f\u00fcr Bildende K\u00fcnste DE. In 1992 founded Agency, an agency for quasi creations. He conducts a long term research on the practices of reapropriation and the public domain. Lives in Brussels.<\/p>\n<p>appearance at Tuned City<br \/>\n<a href=\"https:\/\/www.tunedcity.net\/?page_id=3729\">Brussels \/ Noise &amp; Gentrification \/ 28. June 2013<\/a><\/p>\n","protected":false},"excerpt":{"rendered":"<p>Born 1970. Artist. 1991 \u2013 1995 MA fine arts at St\u00e4delschule f\u00fcr Bildende K\u00fcnste DE. In 1992 founded Agency, an agency for quasi creations. He conducts a long term research on the practices of reapropriation and the public domain. Lives in Brussels. appearance at Tuned City<\/p>\n","protected":false},"author":1,"featured_media":0,"parent":19,"menu_order":0,"comment_status":"closed","ping_status":"closed","template":"","meta":{"footnotes":""},"categories":[1],"tags":[],"class_list":["post-4082","page","type-page","status-publish","hentry","category-allgemein"],"_links":{"self":[{"href":"https:\/\/www.tunedcity.net\/index.php?rest_route=\/wp\/v2\/pages\/4082","targetHints":{"allow":["GET"]}}],"collection":[{"href":"https:\/\/www.tunedcity.net\/index.php?rest_route=\/wp\/v2\/pages"}],"about":[{"href":"https:\/\/www.tunedcity.net\/index.php?rest_route=\/wp\/v2\/types\/page"}],"author":[{"embeddable":true,"href":"https:\/\/www.tunedcity.net\/index.php?rest_route=\/wp\/v2\/users\/1"}],"replies":[{"embeddable":true,"href":"https:\/\/www.tunedcity.net\/index.php?rest_route=%2Fwp%2Fv2%2Fcomments&post=4082"}],"version-history":[{"count":5,"href":"https:\/\/www.tunedcity.net\/index.php?rest_route=\/wp\/v2\/pages\/4082\/revisions"}],"predecessor-version":[{"id":4088,"href":"https:\/\/www.tunedcity.net\/index.php?rest_route=\/wp\/v2\/pages\/4082\/revisions\/4088"}],"up":[{"embeddable":true,"href":"https:\/\/www.tunedcity.net\/index.php?rest_route=\/wp\/v2\/pages\/19"}],"wp:attachment":[{"href":"https:\/\/www.tunedcity.net\/index.php?rest_route=%2Fwp%2Fv2%2Fmedia&parent=4082"}],"wp:term":[{"taxonomy":"category","embeddable":true,"href":"https:\/\/www.tunedcity.net\/index.php?rest_route=%2Fwp%2Fv2%2Fcategories&post=4082"},{"taxonomy":"post_tag","embeddable":true,"href":"https:\/\/www.tunedcity.net\/index.php?rest_route=%2Fwp%2Fv2%2Ftags&post=4082"}],"curies":[{"name":"wp","href":"https:\/\/api.w.org\/{rel}","templated":true}]}}