{"id":3886,"date":"2013-05-27T16:24:48","date_gmt":"2013-05-27T14:24:48","guid":{"rendered":"http:\/\/www.tunedcity.net\/?page_id=3886"},"modified":"2013-06-04T23:39:26","modified_gmt":"2013-06-04T21:39:26","slug":"haren-visite","status":"publish","type":"page","link":"https:\/\/www.tunedcity.net\/?page_id=3886","title":{"rendered":"Haren visit\u00e9"},"content":{"rendered":"<p>exhibition by <a href=\"https:\/\/www.tunedcity.net\/?page_id=3889\">Flavien Gilli\u00e9<\/a>, <a href=\"https:\/\/www.tunedcity.net\/?page_id=3891\">Alexia Goryn<\/a> &amp; <a href=\"https:\/\/www.tunedcity.net\/?page_id=3894\">Margaux Nessi<\/a> (BE)<\/p>\n<p><img loading=\"lazy\" decoding=\"async\" class=\"alignnone size-full wp-image-4134\" title=\"harenvisite\" src=\"http:\/\/www.tunedcity.net\/wp-content\/uploads\/2013\/05\/harenvisite.jpg\" alt=\"\" width=\"497\" height=\"281\" \/><\/p>\n<p>In his essay \u201cDiscovering the vernacular landscape\u201d John Jackson  Brinckerhoff defines the vernacular, political and emerging landscape.  These landscapes overlap, juxtapose and form what S\u00e9bastien Marot calls  hyperpaysage. In the context of Haren \u2013 previously a mecca for chicory  production \u2013 landscape traces of industrialization contrast with a rural  center. Interviews with former residents have been recorded. With the  help of locals and institutions of the City of Brussels, images and  impressions reappeared, synchronously providing a reality of the past.  Since 2010, two photographic sets have been made to account for the  Haren vernacular landscape.<\/p>\n<p><\/p>\n<p>[lang_nl]Literatuur over architectuur en stedelijke planning onderscheidt  verschillende types landschappen. Haren \u2013 een ingesloten dorp met een  roemrijk verleden in witloofteelt \u2013 kenmerkt zich door een  ge\u00efndustrialiseerde en tegelijk rurale aanblik. Dankzij lokale bewoners  brachten twee fotoreeksen in samenwerking met geluidskunstenaar Flavien  Gilli\u00e9 het verdwenen verleden van de plaats terug in kaart.[\/lang_nl]<\/p>\n<p>[lang_fr]La litt\u00e9rature sur l&#8217;architecture et l&#8217;urbanisme distingue diff\u00e9rents  paysages. Haren \u2013 un village renferm\u00e9 avec une riche histoire de chicons  \u2013 se caract\u00e9rise par une impression industrielle et rurale. Gr\u00e2ce aux  habitants, deux reportages photos en collaboration avec l&#8217;artiste sonore  Flavien Gilli\u00e9 ont redessin\u00e9 la carte du pass\u00e9 disparu des lieux.[\/lang_fr]<\/p>\n<p>appearance at Tuned City<br \/>\n<a href=\"https:\/\/www.tunedcity.net\/?page_id=3578\">Brussels \/ Operative Atmospheres &#8211; 30. June 2013<\/a><\/p>","protected":false},"excerpt":{"rendered":"<p>exhibition by , &amp; (BE) In his essay \u201cDiscovering the vernacular landscape\u201d John Jackson Brinckerhoff defines the vernacular, political and emerging landscape. These landscapes overlap, juxtapose and form what S\u00e9bastien Marot calls hyperpaysage. In the context of Haren \u2013 previously a mecca for chicory production \u2013 landscape traces of industrialization contrast with a rural center. [&hellip;]<\/p>\n","protected":false},"author":1,"featured_media":0,"parent":3578,"menu_order":0,"comment_status":"closed","ping_status":"closed","template":"","meta":{"footnotes":""},"categories":[1],"tags":[],"class_list":["post-3886","page","type-page","status-publish","hentry","category-allgemein"],"_links":{"self":[{"href":"https:\/\/www.tunedcity.net\/index.php?rest_route=\/wp\/v2\/pages\/3886","targetHints":{"allow":["GET"]}}],"collection":[{"href":"https:\/\/www.tunedcity.net\/index.php?rest_route=\/wp\/v2\/pages"}],"about":[{"href":"https:\/\/www.tunedcity.net\/index.php?rest_route=\/wp\/v2\/types\/page"}],"author":[{"embeddable":true,"href":"https:\/\/www.tunedcity.net\/index.php?rest_route=\/wp\/v2\/users\/1"}],"replies":[{"embeddable":true,"href":"https:\/\/www.tunedcity.net\/index.php?rest_route=%2Fwp%2Fv2%2Fcomments&post=3886"}],"version-history":[{"count":6,"href":"https:\/\/www.tunedcity.net\/index.php?rest_route=\/wp\/v2\/pages\/3886\/revisions"}],"predecessor-version":[{"id":4325,"href":"https:\/\/www.tunedcity.net\/index.php?rest_route=\/wp\/v2\/pages\/3886\/revisions\/4325"}],"up":[{"embeddable":true,"href":"https:\/\/www.tunedcity.net\/index.php?rest_route=\/wp\/v2\/pages\/3578"}],"wp:attachment":[{"href":"https:\/\/www.tunedcity.net\/index.php?rest_route=%2Fwp%2Fv2%2Fmedia&parent=3886"}],"wp:term":[{"taxonomy":"category","embeddable":true,"href":"https:\/\/www.tunedcity.net\/index.php?rest_route=%2Fwp%2Fv2%2Fcategories&post=3886"},{"taxonomy":"post_tag","embeddable":true,"href":"https:\/\/www.tunedcity.net\/index.php?rest_route=%2Fwp%2Fv2%2Ftags&post=3886"}],"curies":[{"name":"wp","href":"https:\/\/api.w.org\/{rel}","templated":true}]}}