{"id":3875,"date":"2013-05-27T12:49:12","date_gmt":"2013-05-27T10:49:12","guid":{"rendered":"http:\/\/www.tunedcity.net\/?page_id=3875"},"modified":"2015-10-09T09:06:13","modified_gmt":"2015-10-09T07:06:13","slug":"urban-ambiances-as-sensory-lifeforms","status":"publish","type":"page","link":"https:\/\/www.tunedcity.net\/?page_id=3875","title":{"rendered":"Urban Ambiances as Sensory Lifeforms"},"content":{"rendered":"<p>lecture by <a href=\"https:\/\/www.tunedcity.net\/?page_id=3527\">Jean-Paul Thibaud<\/a> (F)<\/p>\n<p><img loading=\"lazy\" decoding=\"async\" class=\"alignnone size-full wp-image-4128\" title=\"atmosphere2\" src=\"http:\/\/www.tunedcity.net\/wp-content\/uploads\/2013\/05\/atmosphere2.jpg\" alt=\"\" width=\"502\" height=\"334\" srcset=\"https:\/\/www.tunedcity.net\/wp-content\/uploads\/2013\/05\/atmosphere2.jpg 640w, https:\/\/www.tunedcity.net\/wp-content\/uploads\/2013\/05\/atmosphere2-300x199.jpg 300w\" sizes=\"auto, (max-width: 502px) 100vw, 502px\" \/><\/p>\n<p>What does urban ambiance tell us about current sensory lifeforms and ways of living together? In order to answer this question we need to develop a socio-aesthetic approach of urban ecology. Working towards such a sensory reading of city environments involves closely observing changes underway. In addition, it also involves taking a critical look at their effects and implications. This lecture will therefore highlight the topic of urban ambiances as sensory lifeforms. We will be concerned with the future of urban public spaces and of conceptions about our ability to live in a shared and common world.<\/p>\n<p><\/p>\n<p>[lang_nl]Wat vertelt de sfeer in een stad over hoe men erin samenleeft? Een sociaal-esthetische aanpak van stedelijke ecologie kan alvast een antwoord bieden. Deze lezing berust op observatie van onderhuidse veranderingen en een kritische blik op hun effecten. Ze biedt inzicht in de toekomst van stedelijke publieke ruimtes en opvattingen over het leven in een gedeelde wereld.[\/lang_nl]<\/p>\n<p>[lang_fr]Que dit l&#8217;ambiance d&#8217;une ville sur la vie commune? Une approche sociale et esth\u00e9tique de l&#8217;\u00e9cologie urbaine peut nous fournir la r\u00e9ponse. Cette lecture repose sur l&#8217;observation des changements sous-jacents et sur l&#8217;\u00e9tude critique des effets. Elle offre une vision du futur des lieux publics urbains et des id\u00e9es sur la vie dans un monde partag\u00e9.[\/lang_fr]<\/p>\n<object type=\"application\/x-shockwave-flash\" data=\"http:\/\/www.tunedcity.net\/wp-content\/plugins\/audio-player\/player.swf\" width=\"290\" height=\"24\" id=\"audioplayer1\"><param name=\"movie\" value=\"http:\/\/www.tunedcity.net\/wp-content\/plugins\/audio-player\/player.swf\" \/><param name=\"FlashVars\" value=\"playerID=1&amp;bg=0xf8f8f8&amp;leftbg=0xeeeeee&amp;lefticon=0x666666&amp;rightbg=0xcccccc&amp;rightbghover=0x999999&amp;righticon=0x666666&amp;righticonhover=0xffffff&amp;text=0x666666&amp;slider=0x666666&amp;track=0xFFFFFF&amp;border=0x666666&amp;loader=0xCCCCCC&amp;soundFile=http%3A%2F%2Fwww.garage-g.de%2Ftunedcity%2Faudio%2Ftc_2013%2FUrban%20Ambiances%20as%20Sensory%20Lifeforms%20Jean-Paul%20Thibaud.mp3\" \/><param name=\"quality\" value=\"high\" \/><param name=\"menu\" value=\"false\" \/><param name=\"wmode\" value=\"transparent\" \/><\/object>\n<p>appearance at Tuned City<br \/>\n<a href=\"https:\/\/www.tunedcity.net\/?page_id=3565#day3\">Brussels \/ Operative Atmospheres &#8211; 30. June 2013<\/a><\/p>","protected":false},"excerpt":{"rendered":"<p>lecture by (F) What does urban ambiance tell us about current sensory lifeforms and ways of living together? In order to answer this question we need to develop a socio-aesthetic approach of urban ecology. Working towards such a sensory reading of city environments involves closely observing changes underway. In addition, it also involves taking a [&hellip;]<\/p>\n","protected":false},"author":1,"featured_media":0,"parent":3565,"menu_order":0,"comment_status":"closed","ping_status":"closed","template":"","meta":{"footnotes":""},"categories":[1],"tags":[],"class_list":["post-3875","page","type-page","status-publish","hentry","category-allgemein"],"_links":{"self":[{"href":"https:\/\/www.tunedcity.net\/index.php?rest_route=\/wp\/v2\/pages\/3875","targetHints":{"allow":["GET"]}}],"collection":[{"href":"https:\/\/www.tunedcity.net\/index.php?rest_route=\/wp\/v2\/pages"}],"about":[{"href":"https:\/\/www.tunedcity.net\/index.php?rest_route=\/wp\/v2\/types\/page"}],"author":[{"embeddable":true,"href":"https:\/\/www.tunedcity.net\/index.php?rest_route=\/wp\/v2\/users\/1"}],"replies":[{"embeddable":true,"href":"https:\/\/www.tunedcity.net\/index.php?rest_route=%2Fwp%2Fv2%2Fcomments&post=3875"}],"version-history":[{"count":6,"href":"https:\/\/www.tunedcity.net\/index.php?rest_route=\/wp\/v2\/pages\/3875\/revisions"}],"predecessor-version":[{"id":4743,"href":"https:\/\/www.tunedcity.net\/index.php?rest_route=\/wp\/v2\/pages\/3875\/revisions\/4743"}],"up":[{"embeddable":true,"href":"https:\/\/www.tunedcity.net\/index.php?rest_route=\/wp\/v2\/pages\/3565"}],"wp:attachment":[{"href":"https:\/\/www.tunedcity.net\/index.php?rest_route=%2Fwp%2Fv2%2Fmedia&parent=3875"}],"wp:term":[{"taxonomy":"category","embeddable":true,"href":"https:\/\/www.tunedcity.net\/index.php?rest_route=%2Fwp%2Fv2%2Fcategories&post=3875"},{"taxonomy":"post_tag","embeddable":true,"href":"https:\/\/www.tunedcity.net\/index.php?rest_route=%2Fwp%2Fv2%2Ftags&post=3875"}],"curies":[{"name":"wp","href":"https:\/\/api.w.org\/{rel}","templated":true}]}}