{"id":3861,"date":"2013-05-27T12:36:06","date_gmt":"2013-05-27T10:36:06","guid":{"rendered":"http:\/\/www.tunedcity.net\/?page_id=3861"},"modified":"2013-06-04T13:12:50","modified_gmt":"2013-06-04T11:12:50","slug":"sonata-for-4-cardinal-points","status":"publish","type":"page","link":"https:\/\/www.tunedcity.net\/?page_id=3861","title":{"rendered":"Sonata For 4 Cardinal Points"},"content":{"rendered":"<p>performance by <a href=\"https:\/\/www.tunedcity.net\/?page_id=3504\">Franziska Windisch<\/a> (BE)<\/p>\n<p><img loading=\"lazy\" decoding=\"async\" class=\"alignnone size-full wp-image-4043\" title=\"IMGP3829\" src=\"http:\/\/www.tunedcity.net\/wp-content\/uploads\/2013\/05\/IMGP3829.jpg\" alt=\"\" width=\"496\" height=\"329\" srcset=\"https:\/\/www.tunedcity.net\/wp-content\/uploads\/2013\/05\/IMGP3829.jpg 640w, https:\/\/www.tunedcity.net\/wp-content\/uploads\/2013\/05\/IMGP3829-300x199.jpg 300w\" sizes=\"auto, (max-width: 496px) 100vw, 496px\" \/><\/p>\n<p>This 30-minute performance is conceived for one performer and mobile loudspeakers. Franziska Windisch discloses what will happen as \u201cpublic is the voice, public is the step, public are all sounds, under an open sky\u201d. Therefore, Sonata For 4 Cardinal Points paces along the thresholds of a sensitive sphere and interacts with its changing dimensions: the public. Eventually emerged from spoken words, the performance is constantly altering through individual walks and expanding by the noises that reach our ears, as a zone that is never static.<\/p>\n<p><\/p>\n<p>[lang_nl]Deze performance voor \u00e9\u00e9n performer en mobiele luidsprekers onthult wat er zal gebeuren wanneer het publiek \u201cstem en stap\u201d temidden van alle geluiden is. Sonata For 4 Cardinal Points ontvouwt zich vanuit gesproken woorden. De voorstelling is als een dynamische zone die onophoudelijk wijzigt door individuele wandelingen en geluiden die onze oren bereiken.[\/lang_nl]<\/p>\n<p>[lang_fr]Cette performance pour 1 artiste et enceintes mobiles d\u00e9voile ce qui se produira lorsque le public devient \u201cvoix et pas\u201d au milieu des sons. La Sonata For 4 Cardinal Points se d\u00e9veloppe \u00e0 partir de la parole. La repr\u00e9sentation est comme une zone dynamique qui change sans cesse par les d\u00e9placements individuels et les sons qui nous atteignent.[\/lang_fr]<\/p>\n<p>appearance at Tuned City<br \/>\n<a href=\"https:\/\/www.tunedcity.net\/?page_id=3568\">Brussels \/ Situational Listening &#8211; 29. June 2013<\/a><\/p>","protected":false},"excerpt":{"rendered":"<p>performance by (BE) This 30-minute performance is conceived for one performer and mobile loudspeakers. Franziska Windisch discloses what will happen as \u201cpublic is the voice, public is the step, public are all sounds, under an open sky\u201d. Therefore, Sonata For 4 Cardinal Points paces along the thresholds of a sensitive sphere and interacts with its [&hellip;]<\/p>\n","protected":false},"author":1,"featured_media":0,"parent":3568,"menu_order":0,"comment_status":"closed","ping_status":"closed","template":"","meta":{"footnotes":""},"categories":[1],"tags":[],"class_list":["post-3861","page","type-page","status-publish","hentry","category-allgemein"],"_links":{"self":[{"href":"https:\/\/www.tunedcity.net\/index.php?rest_route=\/wp\/v2\/pages\/3861","targetHints":{"allow":["GET"]}}],"collection":[{"href":"https:\/\/www.tunedcity.net\/index.php?rest_route=\/wp\/v2\/pages"}],"about":[{"href":"https:\/\/www.tunedcity.net\/index.php?rest_route=\/wp\/v2\/types\/page"}],"author":[{"embeddable":true,"href":"https:\/\/www.tunedcity.net\/index.php?rest_route=\/wp\/v2\/users\/1"}],"replies":[{"embeddable":true,"href":"https:\/\/www.tunedcity.net\/index.php?rest_route=%2Fwp%2Fv2%2Fcomments&post=3861"}],"version-history":[{"count":4,"href":"https:\/\/www.tunedcity.net\/index.php?rest_route=\/wp\/v2\/pages\/3861\/revisions"}],"predecessor-version":[{"id":4254,"href":"https:\/\/www.tunedcity.net\/index.php?rest_route=\/wp\/v2\/pages\/3861\/revisions\/4254"}],"up":[{"embeddable":true,"href":"https:\/\/www.tunedcity.net\/index.php?rest_route=\/wp\/v2\/pages\/3568"}],"wp:attachment":[{"href":"https:\/\/www.tunedcity.net\/index.php?rest_route=%2Fwp%2Fv2%2Fmedia&parent=3861"}],"wp:term":[{"taxonomy":"category","embeddable":true,"href":"https:\/\/www.tunedcity.net\/index.php?rest_route=%2Fwp%2Fv2%2Fcategories&post=3861"},{"taxonomy":"post_tag","embeddable":true,"href":"https:\/\/www.tunedcity.net\/index.php?rest_route=%2Fwp%2Fv2%2Ftags&post=3861"}],"curies":[{"name":"wp","href":"https:\/\/api.w.org\/{rel}","templated":true}]}}