{"id":3755,"date":"2013-05-24T17:05:44","date_gmt":"2013-05-24T15:05:44","guid":{"rendered":"http:\/\/www.tunedcity.net\/?page_id=3755"},"modified":"2013-06-17T16:58:38","modified_gmt":"2013-06-17T14:58:38","slug":"module-for-a-comprehensive-instrument","status":"publish","type":"page","link":"https:\/\/www.tunedcity.net\/?page_id=3755","title":{"rendered":"Module for a Comprehensive Instrument"},"content":{"rendered":"<p><a href=\"https:\/\/www.tunedcity.net\/?page_id=287\">Will Schrimshaw<\/a> (UK)<\/p>\n<p><img loading=\"lazy\" decoding=\"async\" class=\"alignnone size-full wp-image-4410\" title=\"Module_Web\" src=\"http:\/\/www.tunedcity.net\/wp-content\/uploads\/2013\/05\/Module_Web.jpg\" alt=\"\" width=\"505\" height=\"714\" srcset=\"https:\/\/www.tunedcity.net\/wp-content\/uploads\/2013\/05\/Module_Web.jpg 600w, https:\/\/www.tunedcity.net\/wp-content\/uploads\/2013\/05\/Module_Web-212x300.jpg 212w\" sizes=\"auto, (max-width: 505px) 100vw, 505px\" \/><br \/>\n<em>illustration by Rob Pybus<\/em><\/p>\n<p>Charles Babbage wrote in The Ninth Bridgewater Treatise \u201cWhat a strange chaos is this wide atmosphere we breathe! Every atom retains at once the motions which philosophers have imparted to it, mixed and combined in ten thousand ways with all that is worthless and base. The air itself is one vast library, on whose pages are forever written all that man has ever said or woman whispered.\u201d Turning an ear to the atmosphere, this installation traces imperceptible lines and patiently decodes this vast archival substrate upon which every utterance is impressed. Obscure and confused signals are rendered sensible in the form of speech and broadcast for the pleasure of the passing pedestrian.<\/p>\n<p><\/p>\n<p>[lang_nl]Charles Babbage beschreef in The Ninth Bridgewater Treatise de vreemde chaos die ons omringt. Met een oor op de uitgestrekte omgeving achterhaalt deze installatie onmerkbare lijnen in de enorme bibliotheek lucht. Onzichtbare en onbestemde signalen krijgen vorm in gepraat dat voor het genot van de passerende voetganger weerklinkt.[\/lang_nl]<\/p>\n<p>[lang_fr]Dans The Ninth Bridgewater Treatise, Charles Babbage d\u00e9crit l&#8217;\u00e9trange chaos qui nous entoure. \u00c0 l&#8217;\u00e9coute d&#8217;un paysage \u00e9tendu, cette installation recherche les lignes invisibles dans l&#8217;\u00e9norme biblioth\u00e8que qu&#8217;est l&#8217;air. Des signaux invisibles et sans but prennent forme dans le bavardage qui r\u00e9sonne pour le plus grand plaisir des passants.[\/lang_fr]<\/p>\n<p>appearance at Tuned City <a href=\"https:\/\/www.tunedcity.net\/?page_id=3578\"> 28\u201330. June 2013<\/a><\/p>","protected":false},"excerpt":{"rendered":"<p>(UK) illustration by Rob Pybus Charles Babbage wrote in The Ninth Bridgewater Treatise \u201cWhat a strange chaos is this wide atmosphere we breathe! Every atom retains at once the motions which philosophers have imparted to it, mixed and combined in ten thousand ways with all that is worthless and base. The air itself is one [&hellip;]<\/p>\n","protected":false},"author":1,"featured_media":0,"parent":3578,"menu_order":0,"comment_status":"closed","ping_status":"closed","template":"","meta":{"footnotes":""},"categories":[1],"tags":[],"class_list":["post-3755","page","type-page","status-publish","hentry","category-allgemein"],"_links":{"self":[{"href":"https:\/\/www.tunedcity.net\/index.php?rest_route=\/wp\/v2\/pages\/3755","targetHints":{"allow":["GET"]}}],"collection":[{"href":"https:\/\/www.tunedcity.net\/index.php?rest_route=\/wp\/v2\/pages"}],"about":[{"href":"https:\/\/www.tunedcity.net\/index.php?rest_route=\/wp\/v2\/types\/page"}],"author":[{"embeddable":true,"href":"https:\/\/www.tunedcity.net\/index.php?rest_route=\/wp\/v2\/users\/1"}],"replies":[{"embeddable":true,"href":"https:\/\/www.tunedcity.net\/index.php?rest_route=%2Fwp%2Fv2%2Fcomments&post=3755"}],"version-history":[{"count":8,"href":"https:\/\/www.tunedcity.net\/index.php?rest_route=\/wp\/v2\/pages\/3755\/revisions"}],"predecessor-version":[{"id":4463,"href":"https:\/\/www.tunedcity.net\/index.php?rest_route=\/wp\/v2\/pages\/3755\/revisions\/4463"}],"up":[{"embeddable":true,"href":"https:\/\/www.tunedcity.net\/index.php?rest_route=\/wp\/v2\/pages\/3578"}],"wp:attachment":[{"href":"https:\/\/www.tunedcity.net\/index.php?rest_route=%2Fwp%2Fv2%2Fmedia&parent=3755"}],"wp:term":[{"taxonomy":"category","embeddable":true,"href":"https:\/\/www.tunedcity.net\/index.php?rest_route=%2Fwp%2Fv2%2Fcategories&post=3755"},{"taxonomy":"post_tag","embeddable":true,"href":"https:\/\/www.tunedcity.net\/index.php?rest_route=%2Fwp%2Fv2%2Ftags&post=3755"}],"curies":[{"name":"wp","href":"https:\/\/api.w.org\/{rel}","templated":true}]}}