{"id":3750,"date":"2013-05-24T17:01:40","date_gmt":"2013-05-24T15:01:40","guid":{"rendered":"http:\/\/www.tunedcity.net\/?page_id=3750"},"modified":"2021-03-19T08:32:06","modified_gmt":"2021-03-19T07:32:06","slug":"3750-2","status":"publish","type":"page","link":"https:\/\/www.tunedcity.net\/?page_id=3750","title":{"rendered":"espace intervallaire"},"content":{"rendered":"<p>site specific work by <a href=\"https:\/\/www.tunedcity.net\/?page_id=3458\">Lisa Lapierre<\/a> (F),\u00a0Audrey Lauro and <a href=\"http:\/\/www.tunedcity.net\/?page_id=4497\" target=\"_blank\" rel=\"noopener noreferrer\">Patrick Farmer<\/a> (UK)<\/p>\n<p><img loading=\"lazy\" decoding=\"async\" class=\"alignnone size-full wp-image-4064\" title=\"below RAC\" src=\"http:\/\/www.tunedcity.net\/wp-content\/uploads\/2013\/05\/below-RAC.jpg\" alt=\"\" width=\"496\" height=\"330\" srcset=\"https:\/\/www.tunedcity.net\/wp-content\/uploads\/2013\/05\/below-RAC.jpg 640w, https:\/\/www.tunedcity.net\/wp-content\/uploads\/2013\/05\/below-RAC-300x199.jpg 300w\" sizes=\"auto, (max-width: 496px) 100vw, 496px\" \/><\/p>\n<p>This work is tailored to a large underground space with different levels in the neighborhood of the Brussels Government Administration Centre (RAC). The space offers three distinct dimensions &#8211; a sonic, a spatial and a psychological one &#8211; in which various ways of sonic interaction and communication take place. As our universe is full of contradictory tensions, our daily environment is certainly polluted. This enables us to long for silent places or introspection and explains why distances and intervals between sounds offer you a moment of alienation and the experience of calm. Feedback through concrete, water and air is unavoidable and illustrates how well the sonic intervention is matching the spot.<\/p>\n<p>[lang_nl]Dit werk is afgestemd op een grote ondergrondse ruimte met verschillende niveaus in de buurt van het Brusselse Rijksadministratief Centrum (RAC). De ruimte heeft een bijzondere akoestische, ruimtelijke en psychologische dimensie. Afstanden en intervallen tussen geluiden bieden u een moment van vervreemding en rust aan. Dan wordt duidelijk hoe goed de klankinterventie zich met de plek vermengt.<br \/>\n[\/lang_nl]<\/p>\n<p>[lang_fr]Cette oeuvre est r\u00e9alis\u00e9e \u00e0 partir d&#8217;un vaste souterrain avec diff\u00e9rents niveaux pr\u00e8s de la Cit\u00e9 Administrative de Bruxelles. Cet espace poss\u00e8de des dimensions acoustiques, spatiales et psychologiques sp\u00e9ciales. Les distances et les intervalles entre les sons vous offrent un instant d&#8217;ali\u00e9nation et de repos. L&#8217;intervention du son envahit les lieux.[\/lang_fr]<\/p>\n<p>appearance at Tuned City<br \/>\n<a href=\"https:\/\/www.tunedcity.net\/?page_id=3578\">Brussels \/ Relational Noise &#8211; 28. June 2013<\/a><\/p>\n","protected":false},"excerpt":{"rendered":"<p>site specific work by (F),\u00a0Audrey Lauro and Patrick Farmer (UK) This work is tailored to a large underground space with different levels in the neighborhood of the Brussels Government Administration Centre (RAC). The space offers three distinct dimensions &#8211; a sonic, a spatial and a psychological one &#8211; in which various ways of sonic interaction [&hellip;]<\/p>\n","protected":false},"author":1,"featured_media":0,"parent":3578,"menu_order":0,"comment_status":"closed","ping_status":"closed","template":"","meta":{"footnotes":""},"categories":[1],"tags":[],"class_list":["post-3750","page","type-page","status-publish","hentry","category-allgemein"],"_links":{"self":[{"href":"https:\/\/www.tunedcity.net\/index.php?rest_route=\/wp\/v2\/pages\/3750","targetHints":{"allow":["GET"]}}],"collection":[{"href":"https:\/\/www.tunedcity.net\/index.php?rest_route=\/wp\/v2\/pages"}],"about":[{"href":"https:\/\/www.tunedcity.net\/index.php?rest_route=\/wp\/v2\/types\/page"}],"author":[{"embeddable":true,"href":"https:\/\/www.tunedcity.net\/index.php?rest_route=\/wp\/v2\/users\/1"}],"replies":[{"embeddable":true,"href":"https:\/\/www.tunedcity.net\/index.php?rest_route=%2Fwp%2Fv2%2Fcomments&post=3750"}],"version-history":[{"count":12,"href":"https:\/\/www.tunedcity.net\/index.php?rest_route=\/wp\/v2\/pages\/3750\/revisions"}],"predecessor-version":[{"id":5976,"href":"https:\/\/www.tunedcity.net\/index.php?rest_route=\/wp\/v2\/pages\/3750\/revisions\/5976"}],"up":[{"embeddable":true,"href":"https:\/\/www.tunedcity.net\/index.php?rest_route=\/wp\/v2\/pages\/3578"}],"wp:attachment":[{"href":"https:\/\/www.tunedcity.net\/index.php?rest_route=%2Fwp%2Fv2%2Fmedia&parent=3750"}],"wp:term":[{"taxonomy":"category","embeddable":true,"href":"https:\/\/www.tunedcity.net\/index.php?rest_route=%2Fwp%2Fv2%2Fcategories&post=3750"},{"taxonomy":"post_tag","embeddable":true,"href":"https:\/\/www.tunedcity.net\/index.php?rest_route=%2Fwp%2Fv2%2Ftags&post=3750"}],"curies":[{"name":"wp","href":"https:\/\/api.w.org\/{rel}","templated":true}]}}