{"id":1497,"date":"2011-05-19T13:16:31","date_gmt":"2011-05-19T12:16:31","guid":{"rendered":"http:\/\/www.tunedcity.net\/?page_id=1497"},"modified":"2011-07-28T14:24:07","modified_gmt":"2011-07-28T12:24:07","slug":"lang_deortelang_de-lang_enplaceslang_en","status":"publish","type":"page","link":"https:\/\/www.tunedcity.net\/?page_id=1497","title":{"rendered":"places"},"content":{"rendered":"<p><iframe loading=\"lazy\" width=\"495\" height=\"350\" frameborder=\"0\" scrolling=\"no\" marginheight=\"0\" marginwidth=\"0\" src=\"http:\/\/maps.google.de\/maps\/ms?msa=0&amp;msid=208404514466747753528.000485c1dcaf682121d90&amp;hl=de&amp;ie=UTF8&amp;ll=59.433903,24.729195&amp;spn=0.061107,0.168228&amp;z=12&amp;output=embed\"><\/iframe><br \/><small><a href=\"http:\/\/maps.google.de\/maps\/ms?msa=0&amp;msid=208404514466747753528.000485c1dcaf682121d90&amp;hl=de&amp;ie=UTF8&amp;ll=59.433903,24.729195&amp;spn=0.061107,0.168228&amp;z=12&amp;source=embed\" style=\"color:#ffffff;text-align:left\">show on a bigger map at google <\/a><\/small><\/p>\n<p> <em>Tuned City Tallinn 4-10 July 2011:<\/em><\/p>\n<p><strong>Kultuurikatel<\/strong> \/ P\u00f5hja puiestee 27<br \/>\nKultuurikatel is an ongoing reconstruction project of an old Tallinn Power Plant complex, located close to Old Town &amp; Passenger Harbour and part of a several mile long industrial belt along the coast line. The existing complex is under heritage protection and dates back to 1860s when Tallinn&#8217;s Gasworks was built there. Power production was shut down in 1979, and until the 1990th the plant was producing district heating. Andrei Tarkovski shoot parts of &#8220;Stalker&#8221;, his most famous film, here in 1979 and influenced with the morbid charm of the \u201aZone\u2018 our space esthetics till today.<a href=\"http:\/\/maps.google.de\/maps\/ms?hl=de&amp;ie=UTF8&amp;msa=0&amp;msid=208404514466747753528.000485c1dcaf682121d90&amp;t=h&amp;ll=59.44375,24.747916&amp;spn=0.004571,0.012081&amp;z=17&amp;iwloc=0004a3783c8c6469173f1\" target=\"_blank\"><br \/>\nmap &gt;&gt;&gt;<\/a><\/p>\n<p><strong>V\u00e4ike-\u00d5ism\u00e4e<\/strong><strong> <\/strong>\/ (ideal city) haabersti linnaosa valitsus \u00d5ism\u00e4e Tee 130<br \/>\nDesigned by the architects Malle Meelak und Mart Port and built between 1973 and 1984, V\u00e4ike-\u00d5ism\u00e4e was planned in the tradition of the \u201aideal city\u2018. With concentric rings of five- to nine-story buildings totalling one kilometer in diamter, the protected inner ring is green and incorporates an artificial lake, kindergardens, school-buildings and social facilities. The traffic infrastructure is almost completly banned to the outer rings. A steady walk from the outer ring through the building corridors into the inner ring will reveal a gradual decrease in urban noise levels. On a quiet day, it is said, one can hear the reflection of his or her voice off a building on the other side of the lake in the center of the complex.<br \/>\n<a href=\"http:\/\/maps.google.de\/maps\/ms?hl=de&amp;ie=UTF8&amp;msa=0&amp;msid=208404514466747753528.000485c1dcaf682121d90&amp;t=h&amp;ll=59.414867,24.647516&amp;spn=0.003636,0.009216&amp;z=17&amp;iwloc=0004a378606d5cd591d42\" target=\"_blank\">map &gt;&gt;&gt;<\/a><\/p>\n<p><strong>Kumu<\/strong> \/ Weizenbergi 34 \/ Valge 1<br \/>\nThe 1994 competition for the new building of the Art Museum of Estonia was the greatest event of\u00a0 the early 1990&#8217;s Estonian architectural scene. Participants from ten countries contributed 233 designs, but all the prizes were awarded to Finnish architects. The winning entry &#8220;Circulos&#8221; was designed by Pekka Vapaavuori \u2013 a young architect from Tampere. &#8220;Circulos&#8221; centers around a great arch that determines all the major circuits of movement inside the building. Kumu was cut into the limestone ground of a hill and is almost invisible. The building was completed in 2005.<br \/>\n<a href=\"http:\/\/maps.google.de\/maps\/ms?hl=de&amp;ie=UTF8&amp;msa=0&amp;msid=208404514466747753528.000485c1dcaf682121d90&amp;t=h&amp;ll=59.436085,24.795499&amp;spn=0.003633,0.009216&amp;z=17&amp;iwloc=0004a378474fbcbe50574\" target=\"_blank\">map &gt;&gt;&gt;<\/a><\/p>\n<p><strong>Hobuveski (Horse Mill Theater)<\/strong> \/ Lai 23<em><br \/>\n<\/em><a href=\"http:\/\/maps.google.de\/maps\/ms?hl=de&amp;ie=UTF8&amp;msa=0&amp;msid=208404514466747753528.000485c1dcaf682121d90&amp;t=h&amp;ll=59.441644,24.745224&amp;spn=0.003933,0.013057&amp;z=17&amp;iwloc=0004a378355f2cc96239a\" target=\"_blank\">map &gt;&gt;&gt;<\/a><strong> <\/strong><\/p>\n<p><strong>Niguliste Church<\/strong> \/ Niguliste 3<em> <\/em><a href=\"http:\/\/maps.google.de\/maps\/ms?hl=de&amp;ie=UTF8&amp;msa=0&amp;msid=208404514466747753528.000485c1dcaf682121d90&amp;t=h&amp;ll=59.436817,24.744633&amp;spn=0.003933,0.013057&amp;z=17&amp;iwloc=0004a3784e7b76d9ebc02\" target=\"_blank\"><br \/>\nmap &gt;&gt;&gt;<\/a><strong> <\/strong><\/p>\n<p><strong>Rotermann warehouse<\/strong> \/ Nisu-Rukkijahu veski, Rotermanni 6<em> <\/em><a href=\"http:\/\/maps.google.de\/maps\/ms?hl=de&amp;ie=UTF8&amp;msa=0&amp;msid=208404514466747753528.000485c1dcaf682121d90&amp;t=h&amp;ll=59.439195,24.757047&amp;spn=0.003933,0.013057&amp;z=17&amp;iwloc=0004a378593f949b896cc\" target=\"_blank\"><br \/>\nmap &gt;&gt;&gt;<\/a> <strong> <\/strong><\/p>\n<p><strong>Linnahall <\/strong>\/ Mere pst. 20<br \/>\n<a href=\"http:\/\/maps.google.de\/maps\/ms?hl=de&amp;ie=UTF8&amp;msa=0&amp;msid=208404514466747753528.000485c1dcaf682121d90&amp;t=h&amp;ll=59.446373,24.752272&amp;spn=0.003632,0.009216&amp;z=17&amp;iwloc=0004a3784022b5fc8e6e9\" target=\"_blank\">map &gt;&gt;&gt;<\/a><\/p>\n<p><strong>Sea Plane Hangars<\/strong> \/ 15A K\u00fcti Street<a href=\"http:\/\/maps.google.de\/maps\/ms?hl=de&amp;ie=UTF8&amp;msa=0&amp;msid=208404514466747753528.000485c1dcaf682121d90&amp;t=h&amp;ll=59.451172,24.742187&amp;spn=0.00457,0.012081&amp;z=17&amp;iwloc=000485c1e21242dcfbe9a\" target=\"_blank\"><br \/>\nmap &gt;&gt;&gt;<\/a><\/p>\n<p><strong>Lauluv\u00e4ljak &#8211; Song Festival Grounds<\/strong> \/ Narva mnt. 95 (cromatico Installation)<a href=\"http:\/\/maps.google.de\/maps\/ms?hl=de&amp;ie=UTF8&amp;msa=0&amp;msid=208404514466747753528.000485c1dcaf682121d90&amp;t=h&amp;ll=59.444922,24.808352&amp;spn=0.004571,0.012081&amp;z=17&amp;iwloc=0004a3786b3c783d43ff5\" target=\"_blank\"><br \/>\nmap &gt;&gt;&gt;<\/a><strong> <\/strong><\/p>\n<p><strong>Teleskivi<\/strong> \/ Telliskivi 60A<a href=\"http:\/\/maps.google.de\/maps\/ms?hl=de&amp;ie=UTF8&amp;msa=0&amp;msid=208404514466747753528.000485c1dcaf682121d90&amp;t=h&amp;ll=59.441857,24.733829&amp;spn=0.004571,0.012081&amp;z=17&amp;iwloc=0004866bbe755e260dfae\" target=\"_blank\"><br \/>\nmap &gt;&gt;&gt;<\/a><strong> <\/strong><\/p>\n<p><strong>Ptarmigan<\/strong> \/ Toom-Kooli 13<a href=\"http:\/\/maps.google.de\/maps\/ms?hl=de&amp;ie=UTF8&amp;msa=0&amp;msid=208404514466747753528.000485c1dcaf682121d90&amp;ll=59.437389,24.738781&amp;spn=0.001533,0.004823&amp;t=h&amp;z=18&amp;iwloc=0004a3a1522c5762db083\" target=\"_blank\"><br \/>\nmap &gt;&gt;&gt;<\/a><strong> <\/strong><\/p>\n<p><strong>M\u00c4RZ project space<\/strong> \/ Olevim\u00e4gi 7<a href=\"http:\/\/maps.google.de\/maps\/ms?hl=de&amp;ie=UTF8&amp;msa=0&amp;msid=208404514466747753528.000485c1dcaf682121d90&amp;ll=59.439863,24.74709&amp;spn=0.001533,0.004823&amp;t=h&amp;z=18&amp;iwloc=0004a3a14afb653f95006\" target=\"_blank\"><br \/>\nmap &gt;&gt;&gt;<\/a><\/p>\n<p><strong>Patarei Prison Fortress<\/strong> \/ Suur-Patarei, Kalaranna 2<br \/>\n<a title=\"http:\/\/maps.google.de\/maps\/ms?hl=de&amp;ie=UTF8&amp;t=h&amp;msa=0&amp;msid=208404514466747753528.000485c1dcaf682121d90&amp;ll=59.451401,24.74546&amp;spn=0.011822,0.038581&amp;z=15&amp;iwloc=0004a51c6bf944d5965fa\" href=\"http:\/\/maps.google.de\/maps\/ms?hl=de&amp;ie=UTF8&amp;t=h&amp;msa=0&amp;msid=208404514466747753528.000485c1dcaf682121d90&amp;ll=59.451401,24.74546&amp;spn=0.011822,0.038581&amp;z=15&amp;iwloc=0004a51c6bf944d5965fa\" target=\"_blank\">map &gt;&gt;&gt;<\/a><\/p>\n<p><strong>Urban Wasteland near Cultural Mile<\/strong> \/ Suur-Patarei, sea side<br \/>\n<a title=\"http:\/\/maps.google.de\/maps\/ms?hl=de&amp;ie=UTF8&amp;t=h&amp;msa=0&amp;msid=208404514466747753528.000485c1dcaf682121d90&amp;ll=59.451401,24.74546&amp;spn=0.011822,0.038581&amp;z=15&amp;iwloc=0004a51c76c2859a94956\" href=\"http:\/\/maps.google.de\/maps\/ms?hl=de&amp;ie=UTF8&amp;t=h&amp;msa=0&amp;msid=208404514466747753528.000485c1dcaf682121d90&amp;ll=59.451401,24.74546&amp;spn=0.011822,0.038581&amp;z=15&amp;iwloc=0004a51c76c2859a94956\" target=\"_blank\">map &gt;&gt;&gt;<\/a><\/p>\n<p><strong>Baltijam Turg<\/strong> \/ Kopli Street<br \/>\n<a href=\"http:\/\/maps.google.de\/maps\/ms?msa=0&amp;msid=208404514466747753528.000485c1dcaf682121d90&amp;hl=de&amp;ie=UTF8&amp;ll=59.443712,24.731491&amp;spn=0.006349,0.01929&amp;t=h&amp;z=16&amp;iwloc=0004a5d31b612aeb66bb3\" target=\"_blank\">map &gt;&gt;&gt;<\/a><\/p>\n<p><strong> <\/strong><strong>Freedomaquare<\/strong> \/ Vabaduse v\u00e4ljak<br \/>\n<a href=\"http:\/\/maps.google.de\/maps\/ms?msa=0&amp;msid=208404514466747753528.000485c1dcaf682121d90&amp;hl=de&amp;ie=UTF8&amp;ll=59.435267,24.741812&amp;spn=0.003175,0.009645&amp;t=h&amp;z=17&amp;iwloc=0004a5ee369433fb66dbb\" target=\"_blank\">map &gt;&gt;&gt;<\/a><\/p>\n<p><strong>Toompark<\/strong><br \/>\n<a href=\"http:\/\/maps.google.de\/maps\/ms?msa=0&amp;msid=208404514466747753528.000485c1dcaf682121d90&amp;hl=de&amp;ie=UTF8&amp;ll=59.440531,24.740031&amp;spn=0.003437,0.010514&amp;t=h&amp;z=17\" target=\"_blank\">map &gt;&gt;&gt;<\/a><\/p>\n<p><img loading=\"lazy\" decoding=\"async\" class=\"alignnone size-full wp-image-2618\" title=\"oismae\" src=\"http:\/\/www.tunedcity.net\/wp-content\/uploads\/2011\/05\/oismae.jpg\" alt=\"\" width=\"498\" height=\"290\" srcset=\"https:\/\/www.tunedcity.net\/wp-content\/uploads\/2011\/05\/oismae.jpg 857w, https:\/\/www.tunedcity.net\/wp-content\/uploads\/2011\/05\/oismae-300x175.jpg 300w\" sizes=\"auto, (max-width: 498px) 100vw, 498px\" \/><\/p>","protected":false},"excerpt":{"rendered":"<p>show on a bigger map at google Tuned City Tallinn 4-10 July 2011: Kultuurikatel \/ P\u00f5hja puiestee 27 Kultuurikatel is an ongoing reconstruction project of an old Tallinn Power Plant complex, located close to Old Town &amp; Passenger Harbour and part of a several mile long industrial belt along the coast line. The existing complex [&hellip;]<\/p>\n","protected":false},"author":1,"featured_media":0,"parent":496,"menu_order":9,"comment_status":"closed","ping_status":"closed","template":"","meta":{"footnotes":""},"categories":[1],"tags":[],"class_list":["post-1497","page","type-page","status-publish","hentry","category-allgemein"],"_links":{"self":[{"href":"https:\/\/www.tunedcity.net\/index.php?rest_route=\/wp\/v2\/pages\/1497","targetHints":{"allow":["GET"]}}],"collection":[{"href":"https:\/\/www.tunedcity.net\/index.php?rest_route=\/wp\/v2\/pages"}],"about":[{"href":"https:\/\/www.tunedcity.net\/index.php?rest_route=\/wp\/v2\/types\/page"}],"author":[{"embeddable":true,"href":"https:\/\/www.tunedcity.net\/index.php?rest_route=\/wp\/v2\/users\/1"}],"replies":[{"embeddable":true,"href":"https:\/\/www.tunedcity.net\/index.php?rest_route=%2Fwp%2Fv2%2Fcomments&post=1497"}],"version-history":[{"count":39,"href":"https:\/\/www.tunedcity.net\/index.php?rest_route=\/wp\/v2\/pages\/1497\/revisions"}],"predecessor-version":[{"id":3096,"href":"https:\/\/www.tunedcity.net\/index.php?rest_route=\/wp\/v2\/pages\/1497\/revisions\/3096"}],"up":[{"embeddable":true,"href":"https:\/\/www.tunedcity.net\/index.php?rest_route=\/wp\/v2\/pages\/496"}],"wp:attachment":[{"href":"https:\/\/www.tunedcity.net\/index.php?rest_route=%2Fwp%2Fv2%2Fmedia&parent=1497"}],"wp:term":[{"taxonomy":"category","embeddable":true,"href":"https:\/\/www.tunedcity.net\/index.php?rest_route=%2Fwp%2Fv2%2Fcategories&post=1497"},{"taxonomy":"post_tag","embeddable":true,"href":"https:\/\/www.tunedcity.net\/index.php?rest_route=%2Fwp%2Fv2%2Ftags&post=1497"}],"curies":[{"name":"wp","href":"https:\/\/api.w.org\/{rel}","templated":true}]}}