{"id":1125,"date":"2011-05-05T17:50:45","date_gmt":"2011-05-05T16:50:45","guid":{"rendered":"http:\/\/www.tunedcity.net\/?page_id=1125"},"modified":"2011-06-15T14:28:36","modified_gmt":"2011-06-15T12:28:36","slug":"garcia-quinones-marta-es","status":"publish","type":"page","link":"https:\/\/www.tunedcity.net\/?page_id=1125","title":{"rendered":"Garc\u00eda Qui\u00f1ones, Marta (ES)"},"content":{"rendered":"<p><img loading=\"lazy\" decoding=\"async\" class=\"alignnone size-full wp-image-1428\" title=\"Quinones1\" src=\"http:\/\/www.tunedcity.net\/wp-content\/uploads\/2011\/05\/Quinones1.jpg\" alt=\"\" width=\"110\" height=\"146\" \/><\/p>\n<p><strong>Marta Garc\u00eda Qui\u00f1ones<\/strong> is a PhD candidate at the Universitat de Barcelona. She is preparing<br \/>\na thesis on music listening, which explores the centrality of listening to the Western musical experience, and its connection to aesthetic ideals and a certain comprehension of human subjectivity. It also advocates a new understanding of music listening as individual and social action, which would be able to account for the transformations of listening in the contemporary mediascape.<br \/>\nGarc\u00eda Qui\u00f1ones has published in academic journals such as &#8220;Trans. Revista Transcultural de M\u00fasica&#8221;, &#8220;Lied und popul\u00e4re Kultur&#8221;, and &#8220;Revista Iberoamericana de Comunicaci\u00f3n&#8221;. In 2008 she edited the collection &#8220;La m\u00fasica que no se escucha. Aproximaciones a la escucha ambiental&#8221; (Orquestra del Caos, Barcelona), and is currently co-editing the volume &#8220;Ubiquitous Musics&#8221; with Anahid Kassabian and Elena Boschi (University of Liverpool. Furthermore, Garc\u00eda Qui\u00f1ones is a member of the international research network \u201cSound in Media Culture. Aspects of a Cultural History of Sound\u201d (2010-2013), funded by the German Research Foundation.<\/p>\n<p><\/p>\n<p>appearance at Tuned City<br \/>\n<a href=\"https:\/\/www.tunedcity.net\/?page_id=2007\">Listening as action. Movements and gestures to<br \/>\nsound and music in the everyday life of the city. \/ 08.07.11<\/a><\/p>","protected":false},"excerpt":{"rendered":"<p>Marta Garc\u00eda Qui\u00f1ones is a PhD candidate at the Universitat de Barcelona. She is preparing a thesis on music listening, which explores the centrality of listening to the Western musical experience, and its connection to aesthetic ideals and a certain comprehension of human subjectivity. It also advocates a new understanding of music listening as individual [&hellip;]<\/p>\n","protected":false},"author":1,"featured_media":0,"parent":19,"menu_order":0,"comment_status":"closed","ping_status":"closed","template":"","meta":{"footnotes":""},"categories":[1],"tags":[],"class_list":["post-1125","page","type-page","status-publish","hentry","category-allgemein"],"_links":{"self":[{"href":"https:\/\/www.tunedcity.net\/index.php?rest_route=\/wp\/v2\/pages\/1125","targetHints":{"allow":["GET"]}}],"collection":[{"href":"https:\/\/www.tunedcity.net\/index.php?rest_route=\/wp\/v2\/pages"}],"about":[{"href":"https:\/\/www.tunedcity.net\/index.php?rest_route=\/wp\/v2\/types\/page"}],"author":[{"embeddable":true,"href":"https:\/\/www.tunedcity.net\/index.php?rest_route=\/wp\/v2\/users\/1"}],"replies":[{"embeddable":true,"href":"https:\/\/www.tunedcity.net\/index.php?rest_route=%2Fwp%2Fv2%2Fcomments&post=1125"}],"version-history":[{"count":10,"href":"https:\/\/www.tunedcity.net\/index.php?rest_route=\/wp\/v2\/pages\/1125\/revisions"}],"predecessor-version":[{"id":2377,"href":"https:\/\/www.tunedcity.net\/index.php?rest_route=\/wp\/v2\/pages\/1125\/revisions\/2377"}],"up":[{"embeddable":true,"href":"https:\/\/www.tunedcity.net\/index.php?rest_route=\/wp\/v2\/pages\/19"}],"wp:attachment":[{"href":"https:\/\/www.tunedcity.net\/index.php?rest_route=%2Fwp%2Fv2%2Fmedia&parent=1125"}],"wp:term":[{"taxonomy":"category","embeddable":true,"href":"https:\/\/www.tunedcity.net\/index.php?rest_route=%2Fwp%2Fv2%2Fcategories&post=1125"},{"taxonomy":"post_tag","embeddable":true,"href":"https:\/\/www.tunedcity.net\/index.php?rest_route=%2Fwp%2Fv2%2Ftags&post=1125"}],"curies":[{"name":"wp","href":"https:\/\/api.w.org\/{rel}","templated":true}]}}