{"id":1035,"date":"2011-04-04T20:20:47","date_gmt":"2011-04-04T19:20:47","guid":{"rendered":"http:\/\/www.tunedcity.net\/?page_id=1035"},"modified":"2021-09-29T10:38:53","modified_gmt":"2021-09-29T08:38:53","slug":"lang_dealle-personen-a-zlang_de-lang_enall-participants-a-zlang_en","status":"publish","type":"page","link":"https:\/\/www.tunedcity.net\/?page_id=1035","title":{"rendered":"all participants"},"content":{"rendered":"<p><div class=\"column-grid column-grid-3\"><div class=\"column column-span-1 column-push-0 column-first\"><p>\n<a href=\"http:\/\/www.tunedcity.net\/?page_id=1262\"><b>Abrantes, Eduardo (PT)<\/b><\/a><br \/>\n<a href=\"http:\/\/www.tunedcity.net\/?page_id=317\"><b>agf (D\/FIN)<\/b><\/a><br \/>\n<a href=\"http:\/\/www.tunedcity.net\/?page_id=3385\"><b>aifoon (BE)<\/b><\/a><br \/>\n<a href=\"http:\/\/www.tunedcity.net\/?page_id=5093\"><b>Allen, Jamie (CA)<\/b><\/a><br \/>\n<a href=\"http:\/\/www.tunedcity.net\/?page_id=103\"><b>Altmann, J\u00fcrgen (D)<\/b><\/a><br \/>\n<a href=\"http:\/\/www.tunedcity.net\/?page_id=5242\"><b>Amelides, Panos (GR)<\/b><\/a><br \/>\n<a href=\"http:\/\/www.tunedcity.net\/?page_id=104\"><b>Amphoux, Pascal (F)<\/b><\/a><br \/>\n<a href=\"http:\/\/www.tunedcity.net\/?page_id=105\"><b>Ankersmit, Thomas (NL\/D)<\/b><\/a><br \/>\n<a href=\"http:\/\/www.tunedcity.net\/?page_id=106\"><b>Arford, Scott (US)<\/b><\/a><br \/>\n<a href=\"http:\/\/www.tunedcity.net\/?page_id=2718\"><b>Artal, Fabien (F)<\/b><\/a><br \/>\n<a href=\"http:\/\/www.tunedcity.net\/?page_id=156\"><b>atelier le balto (D\/F)<\/b><\/a><br \/>\n<a href=\"http:\/\/www.tunedcity.net\/?page_id=294\"><b>Aubry, Gilles (CH\/D)<\/b><\/a><br \/>\n<a href=\"http:\/\/www.tunedcity.net\/?page_id=108\"><b>Auinger, Sam (A\/D)<\/b><\/a><br \/>\n<a href=\"http:\/\/www.tunedcity.net\/?page_id=1909\"><b>B., P\u00f4m Bouvier (F)<\/b><\/a><br \/>\n<a href=\"http:\/\/www.tunedcity.net\/?page_id=3448\"><b>Bailie, Joanna (UK)<\/b><\/a><br \/>\n<a href=\"http:\/\/www.tunedcity.net\/?page_id=29\"><b>Bain, Mark (US\/NL)<\/b><\/a><br \/>\n<a href=\"http:\/\/www.tunedcity.net\/?page_id=5104\"><b>Bates, Steve (CA)<\/b><\/a><br \/>\n<a href=\"http:\/\/www.tunedcity.net\/?page_id=3476\"><b>Batista, Anamarija (BiH)<\/b><\/a><br \/>\n<a href=\"http:\/\/www.tunedcity.net\/?page_id=285\"><b>Beckett, James (UK\/NL)<\/b><\/a><br \/>\n<a href=\"http:\/\/www.tunedcity.net\/?page_id=158\"><b>Behrendt, Frauke (D\/UK)<\/b><\/a><br \/>\n<a href=\"http:\/\/www.tunedcity.net\/?page_id=1113\"><b>Bennett, Justin (UK\/NL)<\/b><\/a><br \/>\n<a href=\"http:\/\/www.tunedcity.net\/?page_id=2202\"><b>Beretta, Lorenzo (IT)<\/b><\/a><br \/>\n<a href=\"http:\/\/www.tunedcity.net\/?page_id=3512\"><b>Berthet, Pierre (BE)<\/b><\/a><br \/>\n<a href=\"http:\/\/www.tunedcity.net\/?page_id=3501\"><b>Bi\u00e8vre, de Guy (BE)<\/b><\/a><br \/>\n<a href=\"http:\/\/www.tunedcity.net\/?page_id=5087\"><b>Bikoro, Nathalie Anguezomo Mba (GA)<\/b><\/a><br \/>\n<a href=\"http:\/\/www.tunedcity.net\/?page_id=5233\"><b>Bisbiki, Vicky (GR)<\/b><\/a><br \/>\n<a href=\"http:\/\/www.tunedcity.net\/?page_id=110\"><b>Blesser, Barry (US)<\/b><\/a><br \/>\n<a href=\"http:\/\/www.tunedcity.net\/?page_id=290\"><b>BMB con. (NL)<\/b><\/a><br \/>\n<a href=\"http:\/\/www.tunedcity.net\/?page_id=1210\"><b>Bogendorfer, Anatol (A)<\/b><\/a><br \/>\n<a href=\"http:\/\/www.tunedcity.net\/?page_id=5131\"><b>Brand, Jens (D)<\/b><\/a><br \/>\n<a href=\"http:\/\/www.tunedcity.net\/?page_id=111\"><b>Brandlhuber, Arno (D)<\/b><\/a><br \/>\n<a href=\"http:\/\/www.tunedcity.net\/?page_id=112\"><b>Bull, Michael (UK)<\/b><\/a><br \/>\n<a href=\"http:\/\/www.tunedcity.net\/?page_id=68\"><b>B\u00f6hme, Gernot (D)<\/b><\/a><br \/>\n<a href=\"http:\/\/www.tunedcity.net\/?page_id=3484\"><b>Careri, Francesco (IT)<\/b><\/a><br \/>\n<a href=\"http:\/\/www.tunedcity.net\/?page_id=3453\"><b>Carter, Kabir (US)<\/b><\/a><br \/>\n<a href=\"http:\/\/www.tunedcity.net\/?page_id=1064\"><b>Cassi\u00e8re, Pierre-Laurent (F)<\/b><\/a><br \/>\n<a href=\"http:\/\/www.tunedcity.net\/?page_id=113\"><b>Chelkoff, Gr\u00e9goire (F)<\/b><\/a><br \/>\n<a href=\"http:\/\/www.tunedcity.net\/?page_id=117\"><b>Chessex, Antoine (CH\/D)<\/b><\/a><br \/>\n<a href=\"http:\/\/www.tunedcity.net\/?page_id=314\"><b>Clauss, Julien (F)<\/b><\/a><br \/>\n<a href=\"http:\/\/www.tunedcity.net\/?page_id=3410\"><b>Cox, Christoph (US)<\/b><\/a><br \/>\n<a href=\"http:\/\/www.tunedcity.net\/?page_id=1121\"><b>Cubero, Carlo A. (EE)<\/b><\/a><br \/>\n<a href=\"http:\/\/www.tunedcity.net\/?page_id=325\"><b>Curgenven, Robert (AUS)<\/b><\/a><br \/>\n<a href=\"http:\/\/www.tunedcity.net\/?page_id=1291\"><b>Curtis, Charles (US)<\/b><\/a><br \/>\n<a href=\"http:\/\/www.tunedcity.net\/?page_id=1312\"><b>Cusack, Peter (UK)<\/b><\/a><br \/>\n<a href=\"http:\/\/www.tunedcity.net\/?page_id=1148\"><b>Dar\u00f2, Carlotta (CA)<\/b><\/a><br \/>\n<a href=\"http:\/\/www.tunedcity.net\/?page_id=3266\"><b>Deleu, Luc (BE)<\/b><\/a><br \/>\n<a href=\"http:\/\/www.tunedcity.net\/?page_id=4092\"><b>Deligne, Sybille (BE)<\/b><\/a><br \/>\n<a href=\"http:\/\/www.tunedcity.net\/?page_id=5118\"><b>De Silvey, Caitlin (UK)<\/b><\/a><br \/>\n<a href=\"http:\/\/www.tunedcity.net\/?page_id=5004\"><b>de Vega, Mario (MX)<\/b><\/a><br \/>\n<a href=\"http:\/\/www.tunedcity.net\/?page_id=1189\"><b>Dixon, Max (UK)<\/b><\/a><br \/>\n<a href=\"http:\/\/www.tunedcity.net\/?page_id=5238\"><b>Drymonitis, Alexandros (GR)<\/b><\/a><br \/>\n<a href=\"http:\/\/www.tunedcity.net\/?page_id=392\"><b>Duque, Alejandro (CO\/CH)<\/b><\/a><br \/>\n<a href=\"http:\/\/www.tunedcity.net\/?page_id=154\"><b>Dyffort, Jens-Uwe (D)<\/b><\/a><br \/>\n<a href=\"http:\/\/www.tunedcity.net\/?page_id=165\"><b>Dyrssen, Catharina (SE)<\/b><\/a><br \/>\n<a href=\"http:\/\/www.tunedcity.net\/?page_id=377\"><b>Eller, Ulrich (D)<\/b><\/a><br \/>\n<a href=\"http:\/\/www.tunedcity.net\/?page_id=6010\"><b>Ergenzinger, Kerstin (D)<\/b><\/a><br \/>\n<a href=\"http:\/\/www.tunedcity.net\/?page_id=5101\"><b>Erek, Cevdet (TR)<\/b><\/a><br \/>\n<a href=\"http:\/\/www.tunedcity.net\/?page_id=5147\"><b>Espinoza, Christian (CL)<\/b><\/a><br \/>\n<a href=\"http:\/\/www.tunedcity.net\/?page_id=5196\"><b>Farinati, Lucia (IT)<\/b><\/a><br \/>\n<a href=\"http:\/\/www.tunedcity.net\/?page_id=4497\"><b>Farmer, Patrick (GB)<\/b><\/a><br \/>\n<a href=\"http:\/\/www.tunedcity.net\/?page_id=157\"><b>Farmers Manual (A)<\/b><\/a><br \/>\n<a href=\"http:\/\/www.tunedcity.net\/?page_id=151\"><b>Feldmann, Joachim (D)<\/b><\/a><br \/>\n<a href=\"http:\/\/www.tunedcity.net\/?page_id=2937\"><b>Ferrete, Jaume (E)<\/b><\/a><br \/>\n<a href=\"http:\/\/www.tunedcity.net\/?page_id=3304\"><b>Fink, Christoph (BE)<\/b><\/a><br \/>\n<a href=\"http:\/\/www.tunedcity.net\/?page_id=3521\"><b>Fonteyne, Joost (BE)<\/b><\/a><br \/>\n<a href=\"http:\/\/www.tunedcity.net\/?page_id=1315\"><b>Ford, Felicity (UK)<\/b><\/a><br \/>\n<a href=\"http:\/\/www.tunedcity.net\/?page_id=179\"><b>Francis, Richard (NZ)<\/b><\/a><br \/>\n<a href=\"http:\/\/www.tunedcity.net\/?page_id=185\"><b>F\u00f6llmer, Golo (D)<\/b><\/a><br \/>\n<a href=\"http:\/\/www.tunedcity.net\/?page_id=5189\"><b>Gallagher, Michael (GB)<\/b><\/a><br \/>\n<a href=\"http:\/\/www.tunedcity.net\/?page_id=118\"><b>Ganchrow, Raviv (US\/IL\/NL)<\/b><\/a><br \/>\n<a href=\"http:\/\/www.tunedcity.net\/?page_id=3312\"><b>Gansterer, Nikolaus (AT)<\/b><\/a><br \/>\n<a href=\"http:\/\/www.tunedcity.net\/?page_id=1125\"><b>Garc\u00eda Qui\u00f1ones, Marta (ES)<\/b><\/a><br \/>\n<a href=\"http:\/\/www.tunedcity.net\/?page_id=102\"><b>Garc\u00eda-Abril, Ant\u00f3n (ES)<\/b><\/a><br \/>\n<a href=\"http:\/\/www.tunedcity.net\/?page_id=5248\"><b>Giannoulakis, Stelios (GR)<\/b><\/a><br \/>\n<a href=\"http:\/\/www.tunedcity.net\/?page_id=3301\"><b>Gigante, Roberta (BE)<\/b><\/a><br \/>\n<a href=\"http:\/\/www.tunedcity.net\/?page_id=3889\"><b>Gilli\u00e9, Flavien (BE)<\/b><\/a><br \/>\n<a href=\"http:\/\/www.tunedcity.net\/?page_id=5140\"><b>Godoy, Fernando (CL)<\/b><\/a><br \/>\n<a href=\"http:\/\/www.tunedcity.net\/?page_id=5152\"><b>Gonzales, Barbara (CL)<\/b><\/a><br \/>\n<a href=\"http:\/\/www.tunedcity.net\/?page_id=6016\"><b>Gonzales, Eugenia (UY)<\/b><\/a><br \/>\n<a href=\"http:\/\/www.tunedcity.net\/?page_id=3891\"><b>Goryn, Alexia (BE)<\/b><\/a><br \/>\n<a href=\"http:\/\/www.tunedcity.net\/?page_id=282\"><b>Grzinich, John (US\/EE)<\/b><\/a><br \/>\n<a href=\"http:\/\/www.tunedcity.net\/?page_id=5281\"><b>Gr\u00fcndorfer, Paul (AT)<\/b><\/a><\/p>\n<\/div><div class=\"column column-span-1 column-push-0\"><p>\n<a href=\"http:\/\/www.tunedcity.net\/?page_id=32\"><b>Gudnadottir, Hildur (IS)<\/b><\/a><br \/>\n<a href=\"http:\/\/www.tunedcity.net\/?page_id=784\"><b>Hall, Anthony (UK)<\/b><\/a><br \/>\n<a href=\"http:\/\/www.tunedcity.net\/?page_id=4968\"><b>Hartman, Hanna (SE\/D)<\/b><\/a><br \/>\n<a href=\"http:\/\/www.tunedcity.net\/?page_id=213\"><b>Hauser, Susanne (D)<\/b><\/a><br \/>\n<a href=\"http:\/\/www.tunedcity.net\/?page_id=3389\"><b>Helbich, David (DE)<\/b><\/a><br \/>\n<a href=\"http:\/\/www.tunedcity.net\/?page_id=326\"><b>Hepworth, Katie (AUS)<\/b><\/a><br \/>\n<a href=\"http:\/\/www.tunedcity.net\/?page_id=395\"><b>Herzog, Gisela (D)<\/b><\/a><br \/>\n<a href=\"http:\/\/www.tunedcity.net\/?page_id=877\"><b>Holzer, Derek (US\/D)<\/b><\/a><br \/>\n<a href=\"http:\/\/www.tunedcity.net\/?page_id=121\"><b>Howse, Martin (UK\/D)<\/b><\/a><br \/>\n<a href=\"http:\/\/www.tunedcity.net\/?page_id=42\"><b>Hummer, Nik (A)<\/b><\/a><br \/>\n<a href=\"http:\/\/www.tunedcity.net\/?page_id=5999\"><b>Huijsman, Michiel (NL)<\/b><\/a><br \/>\n<a href=\"http:\/\/www.tunedcity.net\/?page_id=140\"><b>Hybrid Space Lab (D\/NL)<\/b><\/a><br \/>\n<a href=\"http:\/\/www.tunedcity.net\/?page_id=1205\"><b>H\u00f6rstadt (A)<\/b><\/a><br \/>\n<a href=\"http:\/\/www.tunedcity.net\/?page_id=1877\"><b>Ici-M\u00eame (F)<\/b><\/a><br \/>\n<a href=\"http:\/\/www.tunedcity.net\/?page_id=5211\"><b>ILIOS (GR)<\/b><\/a><br \/>\n<a href=\"http:\/\/www.tunedcity.net\/?page_id=55\"><b>Ipsen, Detlev (D)<\/b><\/a><br \/>\n<a href=\"http:\/\/www.tunedcity.net\/?page_id=3548\"><b>Irvine, Zo\u00eb (UK)<\/b><\/a><br \/>\n<a href=\"http:\/\/www.tunedcity.net\/?page_id=183\"><b>Jacobs, Aernoudt (BE)<\/b><\/a><br \/>\n<a href=\"http:\/\/www.tunedcity.net\/?page_id=2852\"><b>Jaume Ferrete (E)<\/b><\/a><br \/>\n<a href=\"http:\/\/www.tunedcity.net\/?page_id=4973\"><b>Kahn, Douglas (AUS)<\/b><\/a><br \/>\n<a href=\"http:\/\/www.tunedcity.net\/?page_id=184\"><b>Kamleithner, Christa (A\/D)<\/b><\/a><br \/>\n<a href=\"http:\/\/www.tunedcity.net\/?page_id=1134\"><b>Karel, Ernst (US)<\/b><\/a><br \/>\n<a href=\"http:\/\/www.tunedcity.net\/?page_id=5245\"><b>Kavouki, Eleni (GR)<\/b><\/a><br \/>\n<a href=\"http:\/\/www.tunedcity.net\/?page_id=1243\"><b>Keller, Raul (EE)<\/b><\/a><br \/>\n<a href=\"http:\/\/www.tunedcity.net\/?page_id=122\"><b>Khazam, Rahma (F)<\/b><\/a><br \/>\n<a href=\"http:\/\/www.tunedcity.net\/?page_id=123\"><b>Kirkegaard, Jacob (DK\/D)<\/b><\/a><br \/>\n<a href=\"http:\/\/www.tunedcity.net\/?page_id=1192\"><b>Kleinberg-Levin, David (US)<\/b><\/a><br \/>\n<a href=\"http:\/\/www.tunedcity.net\/?page_id=125\"><b>Koelsch, Stefan (D)<\/b><\/a><br \/>\n<a href=\"http:\/\/www.tunedcity.net\/?page_id=5206\"><b>Koutsomichalis, Marinos (GR)<\/b><\/a><br \/>\n<a href=\"http:\/\/www.tunedcity.net\/?page_id=5172\"><b>Koteas, Kosmas (GR)<\/b><\/a><br \/>\n<a href=\"http:\/\/www.tunedcity.net\/?page_id=3482\"><b>Kov\u00e1cs, Szilvia (HU)<\/b><\/a><br \/>\n<a href=\"http:\/\/www.tunedcity.net\/?page_id=5168\"><b>Kozantzas, Yannis (GR)<\/b><\/a><br \/>\n<a href=\"http:\/\/www.tunedcity.net\/?page_id=3295\"><b>Kubisch, Christina (D)<\/b><\/a><br \/>\n<a href=\"http:\/\/www.tunedcity.net\/?page_id=126\"><b>Kuentz, Martin (D)<\/b><\/a><br \/>\n<a href=\"http:\/\/www.tunedcity.net\/?page_id=127\"><b>Kursell, Julia (D)<\/b><\/a><br \/>\n<a href=\"http:\/\/www.tunedcity.net\/?page_id=1047\"><b>K\u00fchne, Lukas (D)<\/b><\/a><br \/>\n<a href=\"http:\/\/www.tunedcity.net\/?page_id=44\"><b>LaBelle, Brandon (US)<\/b><\/a><br \/>\n<a href=\"http:\/\/www.tunedcity.net\/?page_id=5164\"><b>Lacey, Kate (UK)<\/b><\/a><br \/>\n<a href=\"http:\/\/www.tunedcity.net\/?page_id=3471\"><b>Landman, Yuri (NL)<\/b><\/a><br \/>\n<a href=\"http:\/\/www.tunedcity.net\/?page_id=3458\"><b>Lapierre, Lisa (F)<\/b><\/a><br \/>\n<a href=\"http:\/\/www.tunedcity.net\/?page_id=3399\"><b>Lee, Okkyung (KR)<\/b><\/a><br \/>\n<a href=\"http:\/\/www.tunedcity.net\/?page_id=5126\"><b>Leguay, Yann (BE)<\/b><\/a><br \/>\n<a href=\"http:\/\/www.tunedcity.net\/?page_id=875\"><b>Lehmeier, J\u00fcrgen (D)<\/b><\/a><br \/>\n<a href=\"http:\/\/www.tunedcity.net\/?page_id=128\"><b>Leitner, Bernhard (A)<\/b><\/a><br \/>\n<a href=\"http:\/\/www.tunedcity.net\/?page_id=3479\"><b>Lesky, Carina (A)<\/b><\/a><br \/>\n<a href=\"http:\/\/www.tunedcity.net\/?page_id=5121\"><b>Lewis, Eric (CA)<\/b><\/a><br \/>\n<a href=\"http:\/\/www.tunedcity.net\/?page_id=3306\"><b>LIGNA (D)<\/b><\/a><br \/>\n<a href=\"http:\/\/www.tunedcity.net\/?page_id=2354\"><b>Lippus, Urve (EE)<\/b><\/a><br \/>\n<a href=\"http:\/\/www.tunedcity.net\/?page_id=90\"><b>Lola landscape architects (NL)<\/b><\/a><br \/>\n<a href=\"http:\/\/www.tunedcity.net\/?page_id=129\"><b>magma architecture (D\/UK)<\/b><\/a><br \/>\n<a href=\"http:\/\/www.tunedcity.net\/?page_id=3517\"><b>Maranha, David &amp; Mach\u00e1s, Patr\u00edcia (PT)<\/b><\/a><br \/>\n<a href=\"http:\/\/www.tunedcity.net\/?page_id=323\"><b>Martinho Cl\u00e1udia (PT\/F)<\/b><\/a><br \/>\n<a href=\"http:\/\/www.tunedcity.net\/?page_id=4560\"><b>Matjeka, Stefanie (D)<\/b><\/a><br \/>\n<a href=\"http:\/\/www.tunedcity.net\/?page_id=5181\"><b>Mattern, Shannon (US)<\/b><\/a><br \/>\n<a href=\"http:\/\/www.tunedcity.net\/?page_id=4082\"><b>Matthys, Kobe (BE)<\/b><\/a><br \/>\n<a href=\"http:\/\/www.tunedcity.net\/?page_id=33\"><b>Mattin (ES, Basque Country)<\/b><\/a><br \/>\n<a href=\"http:\/\/www.tunedcity.net\/?page_id=5228\"><b>Mattson, Eric (CA)<\/b><\/a><br \/>\n<a href=\"http:\/\/www.tunedcity.net\/?page_id=800\"><b>McGinley, Patrick (US\/EE)<\/b><\/a><br \/>\n<a href=\"http:\/\/www.tunedcity.net\/?page_id=34\"><b>Menche, Daniel (US)<\/b><\/a><br \/>\n<a href=\"http:\/\/www.tunedcity.net\/?page_id=523\"><b>Merlini, Valeria (IT)<\/b><\/a><br \/>\n<a href=\"http:\/\/www.tunedcity.net\/?page_id=3523\"><b>Morton, Timothy (US)<\/b><\/a><br \/>\n<a href=\"http:\/\/www.tunedcity.net\/?page_id=130\"><b>Moser, Michael (A)<\/b><\/a><br \/>\n<a href=\"http:\/\/www.tunedcity.net\/?page_id=131\"><b>Moss, David (US)<\/b><\/a><br \/>\n<a href=\"http:\/\/www.tunedcity.net\/?page_id=3507\"><b>Nakajima, Rie (JP)<\/b><\/a><br \/>\n<a href=\"http:\/\/www.tunedcity.net\/?page_id=3894\"><b>Nessi, Margaux (BE)<\/b><\/a><br \/>\n<a href=\"http:\/\/www.tunedcity.net\/?page_id=50\"><b>Neuhaus, Max (US)<\/b><\/a><br \/>\n<a href=\"http:\/\/www.tunedcity.net\/?page_id=245\"><b>Niedermayr, Susanna (A)<\/b><\/a><br \/>\n<a href=\"http:\/\/www.tunedcity.net\/?page_id=31\"><b>Nilsen, BJ (SE)<\/b><\/a><br \/>\n<a href=\"http:\/\/www.tunedcity.net\/?page_id=5135\"><b>noid (AT)<\/b><\/a><br \/>\n<a href=\"http:\/\/www.tunedcity.net\/?page_id=293\"><b>Noll, Udo (D)<\/b><\/a><br \/>\n<a href=\"http:\/\/www.tunedcity.net\/?page_id=3537\"><b>Onda, Aki (US)<\/b><\/a><br \/>\n<a href=\"http:\/\/www.tunedcity.net\/?page_id=1270\"><b>Palestine, Charlemagne (BE)<\/b><\/a><br \/>\n<a href=\"http:\/\/www.tunedcity.net\/?page_id=1238\"><b>Paluszewski, Mads Bech (DK)<\/b><\/a><br \/>\n<a href=\"http:\/\/www.tunedcity.net\/?page_id=132\"><b>Papenburg, Jens Gerrit (D)<\/b><\/a><br \/>\n<a href=\"http:\/\/www.tunedcity.net\/?page_id=5185\"><b>Papadomanolaki, Maria (GR\/GB)<\/b><\/a><br \/>\n<a href=\"http:\/\/www.tunedcity.net\/?page_id=3497\"><b>Patterson, Lee (UK)<\/b><\/a><br \/>\n<a href=\"http:\/\/www.tunedcity.net\/?page_id=5176\"><b>Plantzos, Dimitris (GR)<\/b><\/a><br \/>\n<a href=\"http:\/\/www.tunedcity.net\/?page_id=5203\"><b>Poulou, Aggeliki (GR)<\/b><\/a><\/p>\n<\/div><div class=\"column column-span-1 column-push-0 column-last\"><p>\n<a href=\"http:\/\/www.tunedcity.net\/?page_id=1198\"><b>Q-O2 (BE)<\/b><\/a><br \/>\n<a href=\"http:\/\/www.tunedcity.net\/?page_id=163\"><b>Quiring, Bj\u00f6rn (D)<\/b><\/a><br \/>\n<a href=\"http:\/\/www.tunedcity.net\/?page_id=162\"><b>Rambow, Riklef (D)<\/b><\/a><br \/>\n<a href=\"http:\/\/www.tunedcity.net\/?page_id=1105\"><b>Ratkje, Maja (NO)<\/b><\/a><br \/>\n<a href=\"http:\/\/www.tunedcity.net\/?page_id=109\"><b>raumlabor_berlin (D)<\/b><\/a><br \/>\n<a href=\"http:\/\/www.tunedcity.net\/?page_id=5224\"><b>Reinhardt, Marc-Alexandre (CA)<\/b><\/a><br \/>\n<a href=\"http:\/\/www.tunedcity.net\/?page_id=177\"><b>Riek, Lasse-Marc (D)<\/b><\/a><br \/>\n<a href=\"http:\/\/www.tunedcity.net\/?page_id=871\"><b>Rissland, Ren\u00e9 (D)<\/b><\/a><br \/>\n<a href=\"http:\/\/www.tunedcity.net\/?page_id=3395\"><b>Rosenfeld, Marina (US)<\/b><\/a><br \/>\n<a href=\"http:\/\/www.tunedcity.net\/?page_id=5156\"><b>Saavedra Arevalo, Pablo (CL)<\/b><\/a><br \/>\n<a href=\"http:\/\/www.tunedcity.net\/?page_id=5160\"><b>Sakellariou, Yiorgis (GR)<\/b><\/a><br \/>\n<a href=\"http:\/\/www.tunedcity.net\/?page_id=3442\"><b>Scarfe, Dawn (UK)<\/b><\/a><br \/>\n<a href=\"http:\/\/www.tunedcity.net\/?page_id=180\"><b>Schellinx, Harold (NL)<\/b><\/a><br \/>\n<a href=\"http:\/\/www.tunedcity.net\/?page_id=6013\"><b>Schmitt, Nika (LU\/D)<\/b><\/a><br \/>\n<a href=\"http:\/\/www.tunedcity.net\/?page_id=133\"><b>Schreiber, Ralf (D)<\/b><\/a><br \/>\n<a href=\"http:\/\/www.tunedcity.net\/?page_id=287\"><b>Schrimshaw, Will (UK)<\/b><\/a><br \/>\n<a href=\"http:\/\/www.tunedcity.net\/?page_id=3363\"><b>Schulkowsky, Robyn (US)<\/b><\/a><br \/>\n<a href=\"http:\/\/www.tunedcity.net\/?page_id=333\"><b>Schulte-Fortkamp, Brigitte<\/b><\/a><br \/>\n<a href=\"http:\/\/www.tunedcity.net\/?page_id=134\"><b>Schulze, Holger (D)<\/b><\/a><br \/>\n<a href=\"http:\/\/www.tunedcity.net\/?page_id=3405\"><b>Schwartz, Hillel (US)<\/b><\/a><br \/>\n<a href=\"http:\/\/www.tunedcity.net\/?page_id=321\"><b>Sch\u00e4fer, Olaf (D)<\/b><\/a><br \/>\n<a href=\"http:\/\/www.tunedcity.net\/?page_id=1223\"><b>Sedmak, Florian (A)<\/b><\/a><br \/>\n<a href=\"http:\/\/www.tunedcity.net\/?page_id=1758\"><b>Seiffarth, Carsten (D)<\/b><\/a><br \/>\n<a href=\"http:\/\/www.tunedcity.net\/?page_id=4517\"><b>Sellig, Sabine (D)<\/b><\/a><br \/>\n<a href=\"http:\/\/www.tunedcity.net\/?page_id=1247\"><b>Shentelevs, Maksims (LTV)<\/b><\/a><br \/>\n<a href=\"http:\/\/www.tunedcity.net\/?page_id=135\"><b>Sikiaridi, Elisabeth (D\/UK\/GR)<\/b><\/a><br \/>\n<a href=\"http:\/\/www.tunedcity.net\/?page_id=60225\"><b>Silva, Lourdes (UY)<\/b><\/a><br \/>\n<a href=\"http:\/\/www.tunedcity.net\/?page_id=30\"><b>Simpson, Dallas (UK)<\/b><\/a><br \/>\n<a href=\"http:\/\/www.tunedcity.net\/?page_id=391\"><b>Sinclair, Peter (UK\/F)<\/b><\/a><br \/>\n<a href=\"http:\/\/www.tunedcity.net\/?page_id=1259\"><b>Smith, Mark (US)<\/b><\/a><br \/>\n<a href=\"http:\/\/www.tunedcity.net\/?page_id=176\"><b>Soinu Mapa (ES, Basque Country)<\/b><\/a><br \/>\n<a href=\"http:\/\/www.tunedcity.net\/?page_id=299\"><b>Sonntag, Jan Peter E.R. (D)<\/b><\/a><br \/>\n<a href=\"http:\/\/www.tunedcity.net\/?page_id=5144\"><b>Spencer, Nicolas (CL)<\/b><\/a><br \/>\n<a href=\"http:\/\/www.tunedcity.net\/?page_id=91\"><b>Staalplaat Soundsystem (NL)<\/b><\/a><br \/>\n<a href=\"http:\/\/www.tunedcity.net\/?page_id=3332\"><b>Stabenow, Carsten (D)<\/b><\/a><br \/>\n<a href=\"http:\/\/www.tunedcity.net\/?page_id=3380\"><b>Stalker\/ON (IT)<\/b><\/a><br \/>\n<a href=\"http:\/\/www.tunedcity.net\/?page_id=136\"><b>Steinke, Gerhard (D)<\/b><\/a><br \/>\n<a href=\"http:\/\/www.tunedcity.net\/?page_id=152\"><b>Strobl, Hannes (A)<\/b><\/a><br \/>\n<a href=\"http:\/\/www.tunedcity.net\/?page_id=187\"><b>Suzuki, Akio (JP)<\/b><\/a><br \/>\n<a href=\"http:\/\/www.tunedcity.net\/?page_id=166\"><b>Szymczak, Jean (D)<\/b><\/a><br \/>\n<a href=\"http:\/\/www.tunedcity.net\/?page_id=389\"><b>tamtam (A)<\/b><\/a><br \/>\n<a href=\"http:\/\/www.tunedcity.net\/?page_id=178\"><b>The Phonographic Arkestra (A)<\/b><\/a><br \/>\n<a href=\"http:\/\/www.tunedcity.net\/?page_id=5199\"><b>Themelis, Petros G. (GR)<\/b><\/a><br \/>\n<a href=\"http:\/\/www.tunedcity.net\/?page_id=3527\"><b>Thibaud, Jean Paul (FR)<\/b><\/a><br \/>\n<a href=\"http:\/\/www.tunedcity.net\/?page_id=2196\"><b>Tidoni, Davide (IT)<\/b><\/a><br \/>\n<a href=\"http:\/\/www.tunedcity.net\/?page_id=5235\"><b>Tigkas, Dimitris (GR)<\/b><\/a><br \/>\n<a href=\"http:\/\/www.tunedcity.net\/?page_id=3262\"><b>Tronchin, Lamberto (I)<\/b><\/a><br \/>\n<a href=\"http:\/\/www.tunedcity.net\/?page_id=3416\"><b>Trower, Shelley (UK)<\/b><\/a><br \/>\n<a href=\"http:\/\/www.tunedcity.net\/?page_id=5685\"><b>Tsivikis, Nikos (GR)<\/b><\/a><br \/>\n<a href=\"http:\/\/www.tunedcity.net\/?page_id=1371\"><b>Tuercke, Florian (D)<\/b><\/a><br \/>\n<a href=\"http:\/\/www.tunedcity.net\/?page_id=137\"><b>tx \u2013 b\u00fcro f\u00fcr tempor\u00e4re architektur (D)<\/b><\/a><br \/>\n<a href=\"http:\/\/www.tunedcity.net\/?page_id=970\"><b>T\u00f6pfer, Andreas (D)<\/b><\/a><br \/>\n<a href=\"http:\/\/www.tunedcity.net\/?page_id=5254\"><b>Toxopeus, Roelf (NL)<\/b><\/a><br \/>\n<a href=\"http:\/\/www.tunedcity.net\/?page_id=1080\"><b>Unsworn Industries (SE)<\/b><\/a><br \/>\n<a href=\"http:\/\/www.tunedcity.net\/?page_id=138\"><b>van der Heide, Edwin (NL)<\/b><\/a><br \/>\n<a href=\"http:\/\/www.tunedcity.net\/?page_id=3298\"><b>van Sonsbeeck, Sarah (NL)<\/b><\/a><br \/>\n<a href=\"http:\/\/www.tunedcity.net\/?page_id=5214\"><b>Veliotis, Nikos (GR)<\/b><\/a><br \/>\n<a href=\"http:\/\/www.tunedcity.net\/?page_id=1674\"><b>Viaene, Els (BE)<\/b><\/a><br \/>\n<a href=\"http:\/\/www.tunedcity.net\/?page_id=6019\"><b>Villasuso, Pol (UY)<\/b><\/a><br \/>\n<a href=\"http:\/\/www.tunedcity.net\/?page_id=139\"><b>Vogelaar, Frans (NL\/D)<\/b><\/a><br \/>\n<a href=\"http:\/\/www.tunedcity.net\/?page_id=155\"><b>von den Driesch, Roswitha (D)<\/b><\/a><br \/>\n<a href=\"http:\/\/www.tunedcity.net\/?page_id=1130\"><b>von Fischer, Sabine (CH)<\/b><\/a><br \/>\n<a href=\"http:\/\/www.tunedcity.net\/?page_id=399\"><b>Walter, Urs (D)<\/b><\/a><br \/>\n<a href=\"http:\/\/www.tunedcity.net\/?page_id=1231\"><b>Watson, Aaron (UK)<\/b><\/a><br \/>\n<a href=\"http:\/\/www.tunedcity.net\/?page_id=141\"><b>Watson, Chris (UK)<\/b><\/a><br \/>\n<a href=\"http:\/\/www.tunedcity.net\/?page_id=3467\"><b>Westerveld, Wessel<\/b><\/a><br \/>\n<a href=\"http:\/\/www.tunedcity.net\/?page_id=329\"><b>Willecke, Barbara (D)<\/b><\/a><br \/>\n<a href=\"http:\/\/www.tunedcity.net\/?page_id=3270\"><b>Wilson, Ariane (D)<\/b><\/a><br \/>\n<a href=\"http:\/\/www.tunedcity.net\/?page_id=1195\"><b>Wilson, Louise K (UK)<\/b><\/a><br \/>\n<a href=\"http:\/\/www.tunedcity.net\/?page_id=3504\"><b>Windisch, Franziska (BE)<\/b><\/a><br \/>\n<a href=\"http:\/\/www.tunedcity.net\/?page_id=56\"><b>Winko, Ulrich (D)<\/b><\/a><br \/>\n<a href=\"http:\/\/www.tunedcity.net\/?page_id=5111\"><b>Yannatou, Savinan (GR)<\/b><\/a><br \/>\n<a href=\"http:\/\/www.tunedcity.net\/?page_id=142\"><b>Yau, Randy H.Y. (US)<\/b><\/a><br \/>\n<a href=\"http:\/\/www.tunedcity.net\/?page_id=4090\"><b>Zagari, David (FR)<\/b><\/a><br \/>\n<a href=\"http:\/\/www.tunedcity.net\/?page_id=6016\"><b>Zamb\u00f3n, Leonello (AR)<\/b><\/a><br \/>\n<a href=\"http:\/\/www.tunedcity.net\/?page_id=3541\"><b>ZENIAL \u2013 Lukasz Szalankiewicz (PL)<\/b><\/a><br \/>\n<a href=\"http:\/\/www.tunedcity.net\/?page_id=87\"><b>Zimoun \/ Pe Lang (CH)<\/b><\/a><\/p>\n<\/div><\/div><\/p>\n","protected":false},"excerpt":{"rendered":"","protected":false},"author":1,"featured_media":0,"parent":0,"menu_order":4,"comment_status":"closed","ping_status":"closed","template":"","meta":{"footnotes":""},"categories":[1],"tags":[],"class_list":["post-1035","page","type-page","status-publish","hentry","category-allgemein"],"_links":{"self":[{"href":"https:\/\/www.tunedcity.net\/index.php?rest_route=\/wp\/v2\/pages\/1035","targetHints":{"allow":["GET"]}}],"collection":[{"href":"https:\/\/www.tunedcity.net\/index.php?rest_route=\/wp\/v2\/pages"}],"about":[{"href":"https:\/\/www.tunedcity.net\/index.php?rest_route=\/wp\/v2\/types\/page"}],"author":[{"embeddable":true,"href":"https:\/\/www.tunedcity.net\/index.php?rest_route=\/wp\/v2\/users\/1"}],"replies":[{"embeddable":true,"href":"https:\/\/www.tunedcity.net\/index.php?rest_route=%2Fwp%2Fv2%2Fcomments&post=1035"}],"version-history":[{"count":28,"href":"https:\/\/www.tunedcity.net\/index.php?rest_route=\/wp\/v2\/pages\/1035\/revisions"}],"predecessor-version":[{"id":6027,"href":"https:\/\/www.tunedcity.net\/index.php?rest_route=\/wp\/v2\/pages\/1035\/revisions\/6027"}],"wp:attachment":[{"href":"https:\/\/www.tunedcity.net\/index.php?rest_route=%2Fwp%2Fv2%2Fmedia&parent=1035"}],"wp:term":[{"taxonomy":"category","embeddable":true,"href":"https:\/\/www.tunedcity.net\/index.php?rest_route=%2Fwp%2Fv2%2Fcategories&post=1035"},{"taxonomy":"post_tag","embeddable":true,"href":"https:\/\/www.tunedcity.net\/index.php?rest_route=%2Fwp%2Fv2%2Ftags&post=1035"}],"curies":[{"name":"wp","href":"https:\/\/api.w.org\/{rel}","templated":true}]}}